
{"id":226979,"date":"2024-03-12T10:29:03","date_gmt":"2024-03-12T10:29:03","guid":{"rendered":"https:\/\/kyb-europe.com\/romania\/?page_id=226979"},"modified":"2024-03-12T10:37:13","modified_gmt":"2024-03-12T10:37:13","slug":"capatul-tijei-de-legatura","status":"publish","type":"page","link":"https:\/\/kyb-europe.com\/romania\/produse\/capatul-tijei-de-legatura\/","title":{"rendered":"Cap\u0103tul tijei de leg\u0103tur\u0103"},"content":{"rendered":"","protected":false},"excerpt":{"rendered":"","protected":false},"author":3,"featured_media":226974,"parent":229,"menu_order":0,"comment_status":"closed","ping_status":"closed","template":"","meta":{"_acf_changed":false,"footnotes":""},"class_list":["post-226979","page","type-page","status-publish","has-post-thumbnail","hentry"],"acf":[],"yoast_head":"<!-- This site is optimized with the Yoast SEO plugin v27.2 - https:\/\/yoast.com\/product\/yoast-seo-wordpress\/ -->\n<title>Cap\u0103tul tijei de leg\u0103tur\u0103 - KYB Rom\u00e2nia<\/title>\n<meta name=\"robots\" content=\"index, follow, max-snippet:-1, max-image-preview:large, max-video-preview:-1\" \/>\n<link rel=\"canonical\" href=\"https:\/\/kyb-europe.com\/romania\/produse\/capatul-tijei-de-legatura\/\" \/>\n<meta property=\"og:locale\" content=\"ro_RO\" \/>\n<meta property=\"og:type\" content=\"article\" \/>\n<meta property=\"og:title\" content=\"Cap\u0103tul tijei de leg\u0103tur\u0103 - KYB Rom\u00e2nia\" \/>\n<meta property=\"og:url\" content=\"https:\/\/kyb-europe.com\/romania\/produse\/capatul-tijei-de-legatura\/\" \/>\n<meta property=\"og:site_name\" content=\"Rom\u00e2n\u0103\" \/>\n<meta property=\"article:modified_time\" content=\"2024-03-12T10:37:13+00:00\" \/>\n<meta property=\"og:image\" content=\"https:\/\/kyb-europe.com\/romania\/wp-content\/uploads\/sites\/47\/2024\/03\/Tie-Rod-End-Family-11-1024x683.png\" \/>\n\t<meta property=\"og:image:width\" content=\"1024\" \/>\n\t<meta property=\"og:image:height\" content=\"683\" \/>\n\t<meta property=\"og:image:type\" content=\"image\/png\" \/>\n<meta name=\"twitter:card\" content=\"summary_large_image\" \/>\n<meta name=\"twitter:label1\" content=\"Timp estimat pentru citire\" \/>\n\t<meta name=\"twitter:data1\" content=\"1 minut\" \/>\n<script type=\"application\/ld+json\" class=\"yoast-schema-graph\">{\"@context\":\"https:\/\/schema.org\",\"@graph\":[{\"@type\":\"WebPage\",\"@id\":\"https:\/\/kyb-europe.com\/romania\/produse\/capatul-tijei-de-legatura\/\",\"url\":\"https:\/\/kyb-europe.com\/romania\/produse\/capatul-tijei-de-legatura\/\",\"name\":\"Cap\u0103tul tijei de leg\u0103tur\u0103 - KYB Rom\u00e2nia\",\"isPartOf\":{\"@id\":\"https:\/\/kyb-europe.com\/romania\/#website\"},\"primaryImageOfPage\":{\"@id\":\"https:\/\/kyb-europe.com\/romania\/produse\/capatul-tijei-de-legatura\/#primaryimage\"},\"image\":{\"@id\":\"https:\/\/kyb-europe.com\/romania\/produse\/capatul-tijei-de-legatura\/#primaryimage\"},\"thumbnailUrl\":\"https:\/\/kyb-europe.com\/romania\/wp-content\/uploads\/sites\/47\/2024\/03\/Tie-Rod-End-Family-11.png\",\"datePublished\":\"2024-03-12T10:29:03+00:00\",\"dateModified\":\"2024-03-12T10:37:13+00:00\",\"breadcrumb\":{\"@id\":\"https:\/\/kyb-europe.com\/romania\/produse\/capatul-tijei-de-legatura\/#breadcrumb\"},\"inLanguage\":\"ro-RO\",\"potentialAction\":[{\"@type\":\"ReadAction\",\"target\":[\"https:\/\/kyb-europe.com\/romania\/produse\/capatul-tijei-de-legatura\/\"]}]},{\"@type\":\"ImageObject\",\"inLanguage\":\"ro-RO\",\"@id\":\"https:\/\/kyb-europe.com\/romania\/produse\/capatul-tijei-de-legatura\/#primaryimage\",\"url\":\"https:\/\/kyb-europe.com\/romania\/wp-content\/uploads\/sites\/47\/2024\/03\/Tie-Rod-End-Family-11.png\",\"contentUrl\":\"https:\/\/kyb-europe.com\/romania\/wp-content\/uploads\/sites\/47\/2024\/03\/Tie-Rod-End-Family-11.png\",\"width\":4638,\"height\":3092},{\"@type\":\"BreadcrumbList\",\"@id\":\"https:\/\/kyb-europe.com\/romania\/produse\/capatul-tijei-de-legatura\/#breadcrumb\",\"itemListElement\":[{\"@type\":\"ListItem\",\"position\":1,\"name\":\"Produse\",\"item\":\"https:\/\/kyb-europe.com\/romania\/produse\/\"},{\"@type\":\"ListItem\",\"position\":2,\"name\":\"Cap\u0103tul tijei de leg\u0103tur\u0103\"}]},{\"@type\":\"WebSite\",\"@id\":\"https:\/\/kyb-europe.com\/romania\/#website\",\"url\":\"https:\/\/kyb-europe.com\/romania\/\",\"name\":\"Rom\u00e2n\u0103\",\"description\":\"Our Precision, Your Advantage\",\"publisher\":{\"@id\":\"https:\/\/kyb-europe.com\/romania\/#organization\"},\"potentialAction\":[{\"@type\":\"SearchAction\",\"target\":{\"@type\":\"EntryPoint\",\"urlTemplate\":\"https:\/\/kyb-europe.com\/romania\/?s={search_term_string}\"},\"query-input\":{\"@type\":\"PropertyValueSpecification\",\"valueRequired\":true,\"valueName\":\"search_term_string\"}}],\"inLanguage\":\"ro-RO\"},{\"@type\":\"Organization\",\"@id\":\"https:\/\/kyb-europe.com\/romania\/#organization\",\"name\":\"Rom\u00e2n\u0103\",\"url\":\"https:\/\/kyb-europe.com\/romania\/\",\"logo\":{\"@type\":\"ImageObject\",\"inLanguage\":\"ro-RO\",\"@id\":\"https:\/\/kyb-europe.com\/romania\/#\/schema\/logo\/image\/\",\"url\":\"https:\/\/kyb-europe.com\/romania\/wp-content\/uploads\/sites\/47\/2016\/12\/kyb_logo.png\",\"contentUrl\":\"https:\/\/kyb-europe.com\/romania\/wp-content\/uploads\/sites\/47\/2016\/12\/kyb_logo.png\",\"width\":295,\"height\":92,\"caption\":\"Rom\u00e2n\u0103\"},\"image\":{\"@id\":\"https:\/\/kyb-europe.com\/romania\/#\/schema\/logo\/image\/\"}}]}<\/script>\n<!-- \/ Yoast SEO plugin. -->","yoast_head_json":{"title":"Cap\u0103tul tijei de leg\u0103tur\u0103 - KYB Rom\u00e2nia","robots":{"index":"index","follow":"follow","max-snippet":"max-snippet:-1","max-image-preview":"max-image-preview:large","max-video-preview":"max-video-preview:-1"},"canonical":"https:\/\/kyb-europe.com\/romania\/produse\/capatul-tijei-de-legatura\/","og_locale":"ro_RO","og_type":"article","og_title":"Cap\u0103tul tijei de leg\u0103tur\u0103 - KYB Rom\u00e2nia","og_url":"https:\/\/kyb-europe.com\/romania\/produse\/capatul-tijei-de-legatura\/","og_site_name":"Rom\u00e2n\u0103","article_modified_time":"2024-03-12T10:37:13+00:00","og_image":[{"width":1024,"height":683,"url":"https:\/\/kyb-europe.com\/romania\/wp-content\/uploads\/sites\/47\/2024\/03\/Tie-Rod-End-Family-11-1024x683.png","type":"image\/png"}],"twitter_card":"summary_large_image","twitter_misc":{"Timp estimat pentru citire":"1 minut"},"schema":{"@context":"https:\/\/schema.org","@graph":[{"@type":"WebPage","@id":"https:\/\/kyb-europe.com\/romania\/produse\/capatul-tijei-de-legatura\/","url":"https:\/\/kyb-europe.com\/romania\/produse\/capatul-tijei-de-legatura\/","name":"Cap\u0103tul tijei de leg\u0103tur\u0103 - KYB Rom\u00e2nia","isPartOf":{"@id":"https:\/\/kyb-europe.com\/romania\/#website"},"primaryImageOfPage":{"@id":"https:\/\/kyb-europe.com\/romania\/produse\/capatul-tijei-de-legatura\/#primaryimage"},"image":{"@id":"https:\/\/kyb-europe.com\/romania\/produse\/capatul-tijei-de-legatura\/#primaryimage"},"thumbnailUrl":"https:\/\/kyb-europe.com\/romania\/wp-content\/uploads\/sites\/47\/2024\/03\/Tie-Rod-End-Family-11.png","datePublished":"2024-03-12T10:29:03+00:00","dateModified":"2024-03-12T10:37:13+00:00","breadcrumb":{"@id":"https:\/\/kyb-europe.com\/romania\/produse\/capatul-tijei-de-legatura\/#breadcrumb"},"inLanguage":"ro-RO","potentialAction":[{"@type":"ReadAction","target":["https:\/\/kyb-europe.com\/romania\/produse\/capatul-tijei-de-legatura\/"]}]},{"@type":"ImageObject","inLanguage":"ro-RO","@id":"https:\/\/kyb-europe.com\/romania\/produse\/capatul-tijei-de-legatura\/#primaryimage","url":"https:\/\/kyb-europe.com\/romania\/wp-content\/uploads\/sites\/47\/2024\/03\/Tie-Rod-End-Family-11.png","contentUrl":"https:\/\/kyb-europe.com\/romania\/wp-content\/uploads\/sites\/47\/2024\/03\/Tie-Rod-End-Family-11.png","width":4638,"height":3092},{"@type":"BreadcrumbList","@id":"https:\/\/kyb-europe.com\/romania\/produse\/capatul-tijei-de-legatura\/#breadcrumb","itemListElement":[{"@type":"ListItem","position":1,"name":"Produse","item":"https:\/\/kyb-europe.com\/romania\/produse\/"},{"@type":"ListItem","position":2,"name":"Cap\u0103tul tijei de leg\u0103tur\u0103"}]},{"@type":"WebSite","@id":"https:\/\/kyb-europe.com\/romania\/#website","url":"https:\/\/kyb-europe.com\/romania\/","name":"Rom\u00e2n\u0103","description":"Our Precision, Your Advantage","publisher":{"@id":"https:\/\/kyb-europe.com\/romania\/#organization"},"potentialAction":[{"@type":"SearchAction","target":{"@type":"EntryPoint","urlTemplate":"https:\/\/kyb-europe.com\/romania\/?s={search_term_string}"},"query-input":{"@type":"PropertyValueSpecification","valueRequired":true,"valueName":"search_term_string"}}],"inLanguage":"ro-RO"},{"@type":"Organization","@id":"https:\/\/kyb-europe.com\/romania\/#organization","name":"Rom\u00e2n\u0103","url":"https:\/\/kyb-europe.com\/romania\/","logo":{"@type":"ImageObject","inLanguage":"ro-RO","@id":"https:\/\/kyb-europe.com\/romania\/#\/schema\/logo\/image\/","url":"https:\/\/kyb-europe.com\/romania\/wp-content\/uploads\/sites\/47\/2016\/12\/kyb_logo.png","contentUrl":"https:\/\/kyb-europe.com\/romania\/wp-content\/uploads\/sites\/47\/2016\/12\/kyb_logo.png","width":295,"height":92,"caption":"Rom\u00e2n\u0103"},"image":{"@id":"https:\/\/kyb-europe.com\/romania\/#\/schema\/logo\/image\/"}}]}},"_links":{"self":[{"href":"https:\/\/kyb-europe.com\/romania\/wp-json\/wp\/v2\/pages\/226979","targetHints":{"allow":["GET"]}}],"collection":[{"href":"https:\/\/kyb-europe.com\/romania\/wp-json\/wp\/v2\/pages"}],"about":[{"href":"https:\/\/kyb-europe.com\/romania\/wp-json\/wp\/v2\/types\/page"}],"author":[{"embeddable":true,"href":"https:\/\/kyb-europe.com\/romania\/wp-json\/wp\/v2\/users\/3"}],"replies":[{"embeddable":true,"href":"https:\/\/kyb-europe.com\/romania\/wp-json\/wp\/v2\/comments?post=226979"}],"version-history":[{"count":2,"href":"https:\/\/kyb-europe.com\/romania\/wp-json\/wp\/v2\/pages\/226979\/revisions"}],"predecessor-version":[{"id":226984,"href":"https:\/\/kyb-europe.com\/romania\/wp-json\/wp\/v2\/pages\/226979\/revisions\/226984"}],"up":[{"embeddable":true,"href":"https:\/\/kyb-europe.com\/romania\/wp-json\/wp\/v2\/pages\/229"}],"wp:featuredmedia":[{"embeddable":true,"href":"https:\/\/kyb-europe.com\/romania\/wp-json\/wp\/v2\/media\/226974"}],"wp:attachment":[{"href":"https:\/\/kyb-europe.com\/romania\/wp-json\/wp\/v2\/media?parent=226979"}],"curies":[{"name":"wp","href":"https:\/\/api.w.org\/{rel}","templated":true}]}}