
{"id":2,"date":"2016-11-02T10:56:49","date_gmt":"2016-11-02T10:56:49","guid":{"rendered":"http:\/\/kyb.pixeltreemedia.co.uk\/?page_id=2"},"modified":"2025-03-27T13:20:51","modified_gmt":"2025-03-27T13:20:51","slug":"pocetna-stranica","status":"publish","type":"page","link":"https:\/\/kyb-europe.com\/hrvatska\/","title":{"rendered":"Po\u010detna Stranica"},"content":{"rendered":"","protected":false},"excerpt":{"rendered":"","protected":false},"author":1,"featured_media":225783,"parent":0,"menu_order":0,"comment_status":"closed","ping_status":"closed","template":"","meta":{"_acf_changed":false,"footnotes":""},"class_list":["post-2","page","type-page","status-publish","has-post-thumbnail","hentry"],"acf":[],"yoast_head":"<!-- This site is optimized with the Yoast SEO plugin v27.4 - https:\/\/yoast.com\/product\/yoast-seo-wordpress\/ -->\n<title>Po\u010detna Stranica - KYB Hrvatska<\/title>\n<meta name=\"description\" content=\"KYB je najve\u0107i proizvo\u0111a\u010d hidraulike u Japanu i jedan od najve\u0107ih dobavlja\u010da originalne opreme (OE) amortizera za proizvo\u0111a\u010de vozila. U na\u0161im tvornicama diljem svijeta proizvede se preko 1 miljun amortizera tjedno, i to uklju\u010duju\u0107i tvornicu Gifu koja je najve\u0107i pogon za proizvodnju amortizera na svijetu.\" \/>\n<meta name=\"robots\" content=\"index, follow, max-snippet:-1, max-image-preview:large, max-video-preview:-1\" \/>\n<link rel=\"canonical\" href=\"https:\/\/kyb-europe.com\/hrvatska\/\" \/>\n<meta property=\"og:locale\" content=\"hr_HR\" \/>\n<meta property=\"og:type\" content=\"article\" \/>\n<meta property=\"og:title\" content=\"Po\u010detna Stranica - KYB Hrvatska\" \/>\n<meta property=\"og:description\" content=\"KYB je najve\u0107i proizvo\u0111a\u010d hidraulike u Japanu i jedan od najve\u0107ih dobavlja\u010da originalne opreme (OE) amortizera za proizvo\u0111a\u010de vozila. U na\u0161im tvornicama diljem svijeta proizvede se preko 1 miljun amortizera tjedno, i to uklju\u010duju\u0107i tvornicu Gifu koja je najve\u0107i pogon za proizvodnju amortizera na svijetu.\" \/>\n<meta property=\"og:url\" content=\"https:\/\/kyb-europe.com\/hrvatska\/\" \/>\n<meta property=\"og:site_name\" content=\"Hrvatski\" \/>\n<meta property=\"article:modified_time\" content=\"2025-03-27T13:20:51+00:00\" \/>\n<meta property=\"og:image\" content=\"https:\/\/kyb-europe.com\/hrvatska\/wp-content\/uploads\/sites\/46\/2020\/10\/kyb-homepage-image.jpg\" \/>\n\t<meta property=\"og:image:width\" content=\"1446\" \/>\n\t<meta property=\"og:image:height\" content=\"387\" \/>\n\t<meta property=\"og:image:type\" content=\"image\/jpeg\" \/>\n<meta name=\"twitter:card\" content=\"summary_large_image\" \/>\n<meta name=\"twitter:label1\" content=\"Procijenjeno vrijeme \u010ditanja\" \/>\n\t<meta name=\"twitter:data1\" content=\"1 minuta\" \/>\n<script type=\"application\/ld+json\" class=\"yoast-schema-graph\">{\"@context\":\"https:\\\/\\\/schema.org\",\"@graph\":[{\"@type\":\"WebPage\",\"@id\":\"https:\\\/\\\/kyb-europe.com\\\/hrvatska\\\/\",\"url\":\"https:\\\/\\\/kyb-europe.com\\\/hrvatska\\\/\",\"name\":\"Po\u010detna Stranica - KYB Hrvatska\",\"isPartOf\":{\"@id\":\"https:\\\/\\\/kyb-europe.com\\\/hrvatska\\\/#website\"},\"primaryImageOfPage\":{\"@id\":\"https:\\\/\\\/kyb-europe.com\\\/hrvatska\\\/#primaryimage\"},\"image\":{\"@id\":\"https:\\\/\\\/kyb-europe.com\\\/hrvatska\\\/#primaryimage\"},\"thumbnailUrl\":\"https:\\\/\\\/kyb-europe.com\\\/hrvatska\\\/wp-content\\\/uploads\\\/sites\\\/46\\\/2020\\\/10\\\/kyb-homepage-image.jpg\",\"datePublished\":\"2016-11-02T10:56:49+00:00\",\"dateModified\":\"2025-03-27T13:20:51+00:00\",\"description\":\"KYB je najve\u0107i proizvo\u0111a\u010d hidraulike u Japanu i jedan od najve\u0107ih dobavlja\u010da originalne opreme (OE) amortizera za proizvo\u0111a\u010de vozila. U na\u0161im tvornicama diljem svijeta proizvede se preko 1 miljun amortizera tjedno, i to uklju\u010duju\u0107i tvornicu Gifu koja je najve\u0107i pogon za proizvodnju amortizera na svijetu.\",\"inLanguage\":\"hr\",\"potentialAction\":[{\"@type\":\"ReadAction\",\"target\":[\"https:\\\/\\\/kyb-europe.com\\\/hrvatska\\\/\"]}]},{\"@type\":\"ImageObject\",\"inLanguage\":\"hr\",\"@id\":\"https:\\\/\\\/kyb-europe.com\\\/hrvatska\\\/#primaryimage\",\"url\":\"https:\\\/\\\/kyb-europe.com\\\/hrvatska\\\/wp-content\\\/uploads\\\/sites\\\/46\\\/2020\\\/10\\\/kyb-homepage-image.jpg\",\"contentUrl\":\"https:\\\/\\\/kyb-europe.com\\\/hrvatska\\\/wp-content\\\/uploads\\\/sites\\\/46\\\/2020\\\/10\\\/kyb-homepage-image.jpg\",\"width\":1446,\"height\":387},{\"@type\":\"WebSite\",\"@id\":\"https:\\\/\\\/kyb-europe.com\\\/hrvatska\\\/#website\",\"url\":\"https:\\\/\\\/kyb-europe.com\\\/hrvatska\\\/\",\"name\":\"Hrvatski\",\"description\":\"Our Precision, Your Advantage\",\"publisher\":{\"@id\":\"https:\\\/\\\/kyb-europe.com\\\/hrvatska\\\/#organization\"},\"potentialAction\":[{\"@type\":\"SearchAction\",\"target\":{\"@type\":\"EntryPoint\",\"urlTemplate\":\"https:\\\/\\\/kyb-europe.com\\\/hrvatska\\\/?s={search_term_string}\"},\"query-input\":{\"@type\":\"PropertyValueSpecification\",\"valueRequired\":true,\"valueName\":\"search_term_string\"}}],\"inLanguage\":\"hr\"},{\"@type\":\"Organization\",\"@id\":\"https:\\\/\\\/kyb-europe.com\\\/hrvatska\\\/#organization\",\"name\":\"Hrvatski\",\"url\":\"https:\\\/\\\/kyb-europe.com\\\/hrvatska\\\/\",\"logo\":{\"@type\":\"ImageObject\",\"inLanguage\":\"hr\",\"@id\":\"https:\\\/\\\/kyb-europe.com\\\/hrvatska\\\/#\\\/schema\\\/logo\\\/image\\\/\",\"url\":\"https:\\\/\\\/kyb-europe.com\\\/hrvatska\\\/wp-content\\\/uploads\\\/sites\\\/46\\\/2016\\\/12\\\/kyb_logo.png\",\"contentUrl\":\"https:\\\/\\\/kyb-europe.com\\\/hrvatska\\\/wp-content\\\/uploads\\\/sites\\\/46\\\/2016\\\/12\\\/kyb_logo.png\",\"width\":295,\"height\":92,\"caption\":\"Hrvatski\"},\"image\":{\"@id\":\"https:\\\/\\\/kyb-europe.com\\\/hrvatska\\\/#\\\/schema\\\/logo\\\/image\\\/\"}}]}<\/script>\n<!-- \/ Yoast SEO plugin. -->","yoast_head_json":{"title":"Po\u010detna Stranica - KYB Hrvatska","description":"KYB je najve\u0107i proizvo\u0111a\u010d hidraulike u Japanu i jedan od najve\u0107ih dobavlja\u010da originalne opreme (OE) amortizera za proizvo\u0111a\u010de vozila. U na\u0161im tvornicama diljem svijeta proizvede se preko 1 miljun amortizera tjedno, i to uklju\u010duju\u0107i tvornicu Gifu koja je najve\u0107i pogon za proizvodnju amortizera na svijetu.","robots":{"index":"index","follow":"follow","max-snippet":"max-snippet:-1","max-image-preview":"max-image-preview:large","max-video-preview":"max-video-preview:-1"},"canonical":"https:\/\/kyb-europe.com\/hrvatska\/","og_locale":"hr_HR","og_type":"article","og_title":"Po\u010detna Stranica - KYB Hrvatska","og_description":"KYB je najve\u0107i proizvo\u0111a\u010d hidraulike u Japanu i jedan od najve\u0107ih dobavlja\u010da originalne opreme (OE) amortizera za proizvo\u0111a\u010de vozila. U na\u0161im tvornicama diljem svijeta proizvede se preko 1 miljun amortizera tjedno, i to uklju\u010duju\u0107i tvornicu Gifu koja je najve\u0107i pogon za proizvodnju amortizera na svijetu.","og_url":"https:\/\/kyb-europe.com\/hrvatska\/","og_site_name":"Hrvatski","article_modified_time":"2025-03-27T13:20:51+00:00","og_image":[{"width":1446,"height":387,"url":"https:\/\/kyb-europe.com\/hrvatska\/wp-content\/uploads\/sites\/46\/2020\/10\/kyb-homepage-image.jpg","type":"image\/jpeg"}],"twitter_card":"summary_large_image","twitter_misc":{"Procijenjeno vrijeme \u010ditanja":"1 minuta"},"schema":{"@context":"https:\/\/schema.org","@graph":[{"@type":"WebPage","@id":"https:\/\/kyb-europe.com\/hrvatska\/","url":"https:\/\/kyb-europe.com\/hrvatska\/","name":"Po\u010detna Stranica - KYB Hrvatska","isPartOf":{"@id":"https:\/\/kyb-europe.com\/hrvatska\/#website"},"primaryImageOfPage":{"@id":"https:\/\/kyb-europe.com\/hrvatska\/#primaryimage"},"image":{"@id":"https:\/\/kyb-europe.com\/hrvatska\/#primaryimage"},"thumbnailUrl":"https:\/\/kyb-europe.com\/hrvatska\/wp-content\/uploads\/sites\/46\/2020\/10\/kyb-homepage-image.jpg","datePublished":"2016-11-02T10:56:49+00:00","dateModified":"2025-03-27T13:20:51+00:00","description":"KYB je najve\u0107i proizvo\u0111a\u010d hidraulike u Japanu i jedan od najve\u0107ih dobavlja\u010da originalne opreme (OE) amortizera za proizvo\u0111a\u010de vozila. U na\u0161im tvornicama diljem svijeta proizvede se preko 1 miljun amortizera tjedno, i to uklju\u010duju\u0107i tvornicu Gifu koja je najve\u0107i pogon za proizvodnju amortizera na svijetu.","inLanguage":"hr","potentialAction":[{"@type":"ReadAction","target":["https:\/\/kyb-europe.com\/hrvatska\/"]}]},{"@type":"ImageObject","inLanguage":"hr","@id":"https:\/\/kyb-europe.com\/hrvatska\/#primaryimage","url":"https:\/\/kyb-europe.com\/hrvatska\/wp-content\/uploads\/sites\/46\/2020\/10\/kyb-homepage-image.jpg","contentUrl":"https:\/\/kyb-europe.com\/hrvatska\/wp-content\/uploads\/sites\/46\/2020\/10\/kyb-homepage-image.jpg","width":1446,"height":387},{"@type":"WebSite","@id":"https:\/\/kyb-europe.com\/hrvatska\/#website","url":"https:\/\/kyb-europe.com\/hrvatska\/","name":"Hrvatski","description":"Our Precision, Your Advantage","publisher":{"@id":"https:\/\/kyb-europe.com\/hrvatska\/#organization"},"potentialAction":[{"@type":"SearchAction","target":{"@type":"EntryPoint","urlTemplate":"https:\/\/kyb-europe.com\/hrvatska\/?s={search_term_string}"},"query-input":{"@type":"PropertyValueSpecification","valueRequired":true,"valueName":"search_term_string"}}],"inLanguage":"hr"},{"@type":"Organization","@id":"https:\/\/kyb-europe.com\/hrvatska\/#organization","name":"Hrvatski","url":"https:\/\/kyb-europe.com\/hrvatska\/","logo":{"@type":"ImageObject","inLanguage":"hr","@id":"https:\/\/kyb-europe.com\/hrvatska\/#\/schema\/logo\/image\/","url":"https:\/\/kyb-europe.com\/hrvatska\/wp-content\/uploads\/sites\/46\/2016\/12\/kyb_logo.png","contentUrl":"https:\/\/kyb-europe.com\/hrvatska\/wp-content\/uploads\/sites\/46\/2016\/12\/kyb_logo.png","width":295,"height":92,"caption":"Hrvatski"},"image":{"@id":"https:\/\/kyb-europe.com\/hrvatska\/#\/schema\/logo\/image\/"}}]}},"_links":{"self":[{"href":"https:\/\/kyb-europe.com\/hrvatska\/wp-json\/wp\/v2\/pages\/2","targetHints":{"allow":["GET"]}}],"collection":[{"href":"https:\/\/kyb-europe.com\/hrvatska\/wp-json\/wp\/v2\/pages"}],"about":[{"href":"https:\/\/kyb-europe.com\/hrvatska\/wp-json\/wp\/v2\/types\/page"}],"author":[{"embeddable":true,"href":"https:\/\/kyb-europe.com\/hrvatska\/wp-json\/wp\/v2\/users\/1"}],"replies":[{"embeddable":true,"href":"https:\/\/kyb-europe.com\/hrvatska\/wp-json\/wp\/v2\/comments?post=2"}],"version-history":[{"count":5,"href":"https:\/\/kyb-europe.com\/hrvatska\/wp-json\/wp\/v2\/pages\/2\/revisions"}],"predecessor-version":[{"id":226809,"href":"https:\/\/kyb-europe.com\/hrvatska\/wp-json\/wp\/v2\/pages\/2\/revisions\/226809"}],"wp:featuredmedia":[{"embeddable":true,"href":"https:\/\/kyb-europe.com\/hrvatska\/wp-json\/wp\/v2\/media\/225783"}],"wp:attachment":[{"href":"https:\/\/kyb-europe.com\/hrvatska\/wp-json\/wp\/v2\/media?parent=2"}],"curies":[{"name":"wp","href":"https:\/\/api.w.org\/{rel}","templated":true}]}}