
{"id":227103,"date":"2024-04-19T15:40:06","date_gmt":"2024-04-19T14:40:06","guid":{"rendered":"https:\/\/kyb-europe.com\/ceska-republika\/?page_id=227103"},"modified":"2024-04-19T15:40:06","modified_gmt":"2024-04-19T14:40:06","slug":"rameno-zavesu-kola","status":"publish","type":"page","link":"https:\/\/kyb-europe.com\/ceska-republika\/produkty\/rameno-zavesu-kola\/","title":{"rendered":"Rameno Z\u00e1v\u011bsu Kola"},"content":{"rendered":"","protected":false},"excerpt":{"rendered":"","protected":false},"author":3,"featured_media":227087,"parent":229,"menu_order":0,"comment_status":"closed","ping_status":"closed","template":"","meta":{"_acf_changed":false,"footnotes":""},"class_list":["post-227103","page","type-page","status-publish","has-post-thumbnail","hentry"],"acf":[],"yoast_head":"<!-- This site is optimized with the Yoast SEO plugin v27.4 - https:\/\/yoast.com\/product\/yoast-seo-wordpress\/ -->\n<title>Rameno Z\u00e1v\u011bsu Kola - KYB \u010cesk\u00e1 republika<\/title>\n<meta name=\"robots\" content=\"index, follow, max-snippet:-1, max-image-preview:large, max-video-preview:-1\" \/>\n<link rel=\"canonical\" href=\"https:\/\/kyb-europe.com\/ceska-republika\/produkty\/rameno-zavesu-kola\/\" \/>\n<meta property=\"og:locale\" content=\"cs_CZ\" \/>\n<meta property=\"og:type\" content=\"article\" \/>\n<meta property=\"og:title\" content=\"Rameno Z\u00e1v\u011bsu Kola - KYB \u010cesk\u00e1 republika\" \/>\n<meta property=\"og:url\" content=\"https:\/\/kyb-europe.com\/ceska-republika\/produkty\/rameno-zavesu-kola\/\" \/>\n<meta property=\"og:site_name\" content=\"\u010ce\u0161tina\" \/>\n<meta property=\"og:image\" content=\"https:\/\/kyb-europe.com\/ceska-republika\/wp-content\/uploads\/sites\/40\/2024\/04\/Control-Arm-1024x683.png\" \/>\n\t<meta property=\"og:image:width\" content=\"1024\" \/>\n\t<meta property=\"og:image:height\" content=\"683\" \/>\n\t<meta property=\"og:image:type\" content=\"image\/png\" \/>\n<meta name=\"twitter:card\" content=\"summary_large_image\" \/>\n<meta name=\"twitter:label1\" content=\"Odhadovan\u00e1 doba \u010dten\u00ed\" \/>\n\t<meta name=\"twitter:data1\" content=\"1 minuta\" \/>\n<script type=\"application\/ld+json\" class=\"yoast-schema-graph\">{\"@context\":\"https:\\\/\\\/schema.org\",\"@graph\":[{\"@type\":\"WebPage\",\"@id\":\"https:\\\/\\\/kyb-europe.com\\\/ceska-republika\\\/produkty\\\/rameno-zavesu-kola\\\/\",\"url\":\"https:\\\/\\\/kyb-europe.com\\\/ceska-republika\\\/produkty\\\/rameno-zavesu-kola\\\/\",\"name\":\"Rameno Z\u00e1v\u011bsu Kola - KYB \u010cesk\u00e1 republika\",\"isPartOf\":{\"@id\":\"https:\\\/\\\/kyb-europe.com\\\/ceska-republika\\\/#website\"},\"primaryImageOfPage\":{\"@id\":\"https:\\\/\\\/kyb-europe.com\\\/ceska-republika\\\/produkty\\\/rameno-zavesu-kola\\\/#primaryimage\"},\"image\":{\"@id\":\"https:\\\/\\\/kyb-europe.com\\\/ceska-republika\\\/produkty\\\/rameno-zavesu-kola\\\/#primaryimage\"},\"thumbnailUrl\":\"https:\\\/\\\/kyb-europe.com\\\/ceska-republika\\\/wp-content\\\/uploads\\\/sites\\\/40\\\/2024\\\/04\\\/Control-Arm.png\",\"datePublished\":\"2024-04-19T14:40:06+00:00\",\"breadcrumb\":{\"@id\":\"https:\\\/\\\/kyb-europe.com\\\/ceska-republika\\\/produkty\\\/rameno-zavesu-kola\\\/#breadcrumb\"},\"inLanguage\":\"cs\",\"potentialAction\":[{\"@type\":\"ReadAction\",\"target\":[\"https:\\\/\\\/kyb-europe.com\\\/ceska-republika\\\/produkty\\\/rameno-zavesu-kola\\\/\"]}]},{\"@type\":\"ImageObject\",\"inLanguage\":\"cs\",\"@id\":\"https:\\\/\\\/kyb-europe.com\\\/ceska-republika\\\/produkty\\\/rameno-zavesu-kola\\\/#primaryimage\",\"url\":\"https:\\\/\\\/kyb-europe.com\\\/ceska-republika\\\/wp-content\\\/uploads\\\/sites\\\/40\\\/2024\\\/04\\\/Control-Arm.png\",\"contentUrl\":\"https:\\\/\\\/kyb-europe.com\\\/ceska-republika\\\/wp-content\\\/uploads\\\/sites\\\/40\\\/2024\\\/04\\\/Control-Arm.png\",\"width\":5760,\"height\":3840},{\"@type\":\"BreadcrumbList\",\"@id\":\"https:\\\/\\\/kyb-europe.com\\\/ceska-republika\\\/produkty\\\/rameno-zavesu-kola\\\/#breadcrumb\",\"itemListElement\":[{\"@type\":\"ListItem\",\"position\":1,\"name\":\"Produkty\",\"item\":\"https:\\\/\\\/kyb-europe.com\\\/ceska-republika\\\/produkty\\\/\"},{\"@type\":\"ListItem\",\"position\":2,\"name\":\"Rameno Z\u00e1v\u011bsu Kola\"}]},{\"@type\":\"WebSite\",\"@id\":\"https:\\\/\\\/kyb-europe.com\\\/ceska-republika\\\/#website\",\"url\":\"https:\\\/\\\/kyb-europe.com\\\/ceska-republika\\\/\",\"name\":\"\u010ce\u0161tina\",\"description\":\"Our Precision, Your Advantage\",\"publisher\":{\"@id\":\"https:\\\/\\\/kyb-europe.com\\\/ceska-republika\\\/#organization\"},\"potentialAction\":[{\"@type\":\"SearchAction\",\"target\":{\"@type\":\"EntryPoint\",\"urlTemplate\":\"https:\\\/\\\/kyb-europe.com\\\/ceska-republika\\\/?s={search_term_string}\"},\"query-input\":{\"@type\":\"PropertyValueSpecification\",\"valueRequired\":true,\"valueName\":\"search_term_string\"}}],\"inLanguage\":\"cs\"},{\"@type\":\"Organization\",\"@id\":\"https:\\\/\\\/kyb-europe.com\\\/ceska-republika\\\/#organization\",\"name\":\"\u010ce\u0161tina\",\"url\":\"https:\\\/\\\/kyb-europe.com\\\/ceska-republika\\\/\",\"logo\":{\"@type\":\"ImageObject\",\"inLanguage\":\"cs\",\"@id\":\"https:\\\/\\\/kyb-europe.com\\\/ceska-republika\\\/#\\\/schema\\\/logo\\\/image\\\/\",\"url\":\"https:\\\/\\\/kyb-europe.com\\\/ceska-republika\\\/wp-content\\\/uploads\\\/sites\\\/40\\\/2016\\\/12\\\/kyb_logo.png\",\"contentUrl\":\"https:\\\/\\\/kyb-europe.com\\\/ceska-republika\\\/wp-content\\\/uploads\\\/sites\\\/40\\\/2016\\\/12\\\/kyb_logo.png\",\"width\":295,\"height\":92,\"caption\":\"\u010ce\u0161tina\"},\"image\":{\"@id\":\"https:\\\/\\\/kyb-europe.com\\\/ceska-republika\\\/#\\\/schema\\\/logo\\\/image\\\/\"}}]}<\/script>\n<!-- \/ Yoast SEO plugin. -->","yoast_head_json":{"title":"Rameno Z\u00e1v\u011bsu Kola - KYB \u010cesk\u00e1 republika","robots":{"index":"index","follow":"follow","max-snippet":"max-snippet:-1","max-image-preview":"max-image-preview:large","max-video-preview":"max-video-preview:-1"},"canonical":"https:\/\/kyb-europe.com\/ceska-republika\/produkty\/rameno-zavesu-kola\/","og_locale":"cs_CZ","og_type":"article","og_title":"Rameno Z\u00e1v\u011bsu Kola - KYB \u010cesk\u00e1 republika","og_url":"https:\/\/kyb-europe.com\/ceska-republika\/produkty\/rameno-zavesu-kola\/","og_site_name":"\u010ce\u0161tina","og_image":[{"width":1024,"height":683,"url":"https:\/\/kyb-europe.com\/ceska-republika\/wp-content\/uploads\/sites\/40\/2024\/04\/Control-Arm-1024x683.png","type":"image\/png"}],"twitter_card":"summary_large_image","twitter_misc":{"Odhadovan\u00e1 doba \u010dten\u00ed":"1 minuta"},"schema":{"@context":"https:\/\/schema.org","@graph":[{"@type":"WebPage","@id":"https:\/\/kyb-europe.com\/ceska-republika\/produkty\/rameno-zavesu-kola\/","url":"https:\/\/kyb-europe.com\/ceska-republika\/produkty\/rameno-zavesu-kola\/","name":"Rameno Z\u00e1v\u011bsu Kola - KYB \u010cesk\u00e1 republika","isPartOf":{"@id":"https:\/\/kyb-europe.com\/ceska-republika\/#website"},"primaryImageOfPage":{"@id":"https:\/\/kyb-europe.com\/ceska-republika\/produkty\/rameno-zavesu-kola\/#primaryimage"},"image":{"@id":"https:\/\/kyb-europe.com\/ceska-republika\/produkty\/rameno-zavesu-kola\/#primaryimage"},"thumbnailUrl":"https:\/\/kyb-europe.com\/ceska-republika\/wp-content\/uploads\/sites\/40\/2024\/04\/Control-Arm.png","datePublished":"2024-04-19T14:40:06+00:00","breadcrumb":{"@id":"https:\/\/kyb-europe.com\/ceska-republika\/produkty\/rameno-zavesu-kola\/#breadcrumb"},"inLanguage":"cs","potentialAction":[{"@type":"ReadAction","target":["https:\/\/kyb-europe.com\/ceska-republika\/produkty\/rameno-zavesu-kola\/"]}]},{"@type":"ImageObject","inLanguage":"cs","@id":"https:\/\/kyb-europe.com\/ceska-republika\/produkty\/rameno-zavesu-kola\/#primaryimage","url":"https:\/\/kyb-europe.com\/ceska-republika\/wp-content\/uploads\/sites\/40\/2024\/04\/Control-Arm.png","contentUrl":"https:\/\/kyb-europe.com\/ceska-republika\/wp-content\/uploads\/sites\/40\/2024\/04\/Control-Arm.png","width":5760,"height":3840},{"@type":"BreadcrumbList","@id":"https:\/\/kyb-europe.com\/ceska-republika\/produkty\/rameno-zavesu-kola\/#breadcrumb","itemListElement":[{"@type":"ListItem","position":1,"name":"Produkty","item":"https:\/\/kyb-europe.com\/ceska-republika\/produkty\/"},{"@type":"ListItem","position":2,"name":"Rameno Z\u00e1v\u011bsu Kola"}]},{"@type":"WebSite","@id":"https:\/\/kyb-europe.com\/ceska-republika\/#website","url":"https:\/\/kyb-europe.com\/ceska-republika\/","name":"\u010ce\u0161tina","description":"Our Precision, Your Advantage","publisher":{"@id":"https:\/\/kyb-europe.com\/ceska-republika\/#organization"},"potentialAction":[{"@type":"SearchAction","target":{"@type":"EntryPoint","urlTemplate":"https:\/\/kyb-europe.com\/ceska-republika\/?s={search_term_string}"},"query-input":{"@type":"PropertyValueSpecification","valueRequired":true,"valueName":"search_term_string"}}],"inLanguage":"cs"},{"@type":"Organization","@id":"https:\/\/kyb-europe.com\/ceska-republika\/#organization","name":"\u010ce\u0161tina","url":"https:\/\/kyb-europe.com\/ceska-republika\/","logo":{"@type":"ImageObject","inLanguage":"cs","@id":"https:\/\/kyb-europe.com\/ceska-republika\/#\/schema\/logo\/image\/","url":"https:\/\/kyb-europe.com\/ceska-republika\/wp-content\/uploads\/sites\/40\/2016\/12\/kyb_logo.png","contentUrl":"https:\/\/kyb-europe.com\/ceska-republika\/wp-content\/uploads\/sites\/40\/2016\/12\/kyb_logo.png","width":295,"height":92,"caption":"\u010ce\u0161tina"},"image":{"@id":"https:\/\/kyb-europe.com\/ceska-republika\/#\/schema\/logo\/image\/"}}]}},"_links":{"self":[{"href":"https:\/\/kyb-europe.com\/ceska-republika\/wp-json\/wp\/v2\/pages\/227103","targetHints":{"allow":["GET"]}}],"collection":[{"href":"https:\/\/kyb-europe.com\/ceska-republika\/wp-json\/wp\/v2\/pages"}],"about":[{"href":"https:\/\/kyb-europe.com\/ceska-republika\/wp-json\/wp\/v2\/types\/page"}],"author":[{"embeddable":true,"href":"https:\/\/kyb-europe.com\/ceska-republika\/wp-json\/wp\/v2\/users\/3"}],"replies":[{"embeddable":true,"href":"https:\/\/kyb-europe.com\/ceska-republika\/wp-json\/wp\/v2\/comments?post=227103"}],"version-history":[{"count":1,"href":"https:\/\/kyb-europe.com\/ceska-republika\/wp-json\/wp\/v2\/pages\/227103\/revisions"}],"predecessor-version":[{"id":227104,"href":"https:\/\/kyb-europe.com\/ceska-republika\/wp-json\/wp\/v2\/pages\/227103\/revisions\/227104"}],"up":[{"embeddable":true,"href":"https:\/\/kyb-europe.com\/ceska-republika\/wp-json\/wp\/v2\/pages\/229"}],"wp:featuredmedia":[{"embeddable":true,"href":"https:\/\/kyb-europe.com\/ceska-republika\/wp-json\/wp\/v2\/media\/227087"}],"wp:attachment":[{"href":"https:\/\/kyb-europe.com\/ceska-republika\/wp-json\/wp\/v2\/media?parent=227103"}],"curies":[{"name":"wp","href":"https:\/\/api.w.org\/{rel}","templated":true}]}}